{"id":498,"date":"2020-01-19T10:56:18","date_gmt":"2020-01-19T10:56:18","guid":{"rendered":"https:\/\/nina-spiel.de\/praxis\/?page_id=498"},"modified":"2025-03-29T07:04:31","modified_gmt":"2025-03-29T07:04:31","slug":"willkommen","status":"publish","type":"page","link":"https:\/\/nina-spiel.de\/praxis\/","title":{"rendered":"Herzlich Willkommen"},"content":{"rendered":"\n<figure class=\"wp-block-image size-large\"><img loading=\"lazy\" width=\"1024\" height=\"1024\" src=\"https:\/\/nina-spiel.de\/praxis\/wp-content\/uploads\/2021\/08\/Nina_SchlossJohannisberg-1024x1024.jpg\" alt=\"\" class=\"wp-image-576\" srcset=\"https:\/\/nina-spiel.de\/praxis\/wp-content\/uploads\/2021\/08\/Nina_SchlossJohannisberg-1024x1024.jpg 1024w, https:\/\/nina-spiel.de\/praxis\/wp-content\/uploads\/2021\/08\/Nina_SchlossJohannisberg-300x300.jpg 300w, https:\/\/nina-spiel.de\/praxis\/wp-content\/uploads\/2021\/08\/Nina_SchlossJohannisberg-150x150.jpg 150w, https:\/\/nina-spiel.de\/praxis\/wp-content\/uploads\/2021\/08\/Nina_SchlossJohannisberg-768x768.jpg 768w, https:\/\/nina-spiel.de\/praxis\/wp-content\/uploads\/2021\/08\/Nina_SchlossJohannisberg-100x100.jpg 100w, https:\/\/nina-spiel.de\/praxis\/wp-content\/uploads\/2021\/08\/Nina_SchlossJohannisberg.jpg 1241w\" sizes=\"(max-width: 767px) 89vw, (max-width: 1000px) 54vw, (max-width: 1071px) 543px, 580px\" \/><\/figure>\n\n\n\n<p><strong>Orientierung. Ver\u00e4nderung. Zufriedenheit leben. <\/strong><\/p>\n\n\n\n<p>Meine&nbsp;Berufung&nbsp;ist es,&nbsp;Menschen auf ihrem pers\u00f6nlichen und beruflichen Weg durch Ver\u00e4nderungsprozesse zu begleiten.<\/p>\n\n\n\n<p>Die richtigen Fragen stellen, Probleme analysieren und Zielvorstellungen herausarbeiten ist elementar, damit Klarheit f\u00fcr eine zufriedenere Zukunft einziehen kann. <\/p>\n\n\n\n<p>Der Fokus liegt gleicherma\u00dfen auf dem Erkennen der eigenen Denk- und Verhaltensmuster und der Umsetzung im Alltag. Denn ohne, dass wir umsetzen was wir uns vornehmen,  bleiben wir Wissensriesen und Umsetzungszwerge. <\/p>\n\n\n\n<p class=\"has-vivid-cyan-blue-color has-text-color\"><strong>*****     Die Praxis ist aus gesundheitlichen Gr\u00fcnden geschlossen     *****<\/strong><\/p>\n\n\n\n<p><\/p>\n\n\n\n<p><\/p>\n\n\n\n<p><\/p>\n\n\n\n<p><\/p>\n\n\n\n<p><\/p>\n","protected":false},"excerpt":{"rendered":"<p>Orientierung. Ver\u00e4nderung. Zufriedenheit leben. Meine&nbsp;Berufung&nbsp;ist es,&nbsp;Menschen auf ihrem pers\u00f6nlichen und beruflichen Weg durch Ver\u00e4nderungsprozesse zu begleiten. Die richtigen Fragen stellen, Probleme analysieren und Zielvorstellungen herausarbeiten ist elementar, damit Klarheit f\u00fcr eine zufriedenere Zukunft einziehen kann. Der Fokus liegt gleicherma\u00dfen auf dem Erkennen der eigenen Denk- und Verhaltensmuster und der Umsetzung im Alltag. Denn ohne, dass &hellip; <\/p>\n<p class=\"link-more\"><a href=\"https:\/\/nina-spiel.de\/praxis\/\" class=\"more-link\"><span class=\"screen-reader-text\">\u201eHerzlich Willkommen\u201c<\/span> weiterlesen<\/a><\/p>\n","protected":false},"author":3,"featured_media":0,"parent":0,"menu_order":0,"comment_status":"closed","ping_status":"closed","template":"","meta":[],"_links":{"self":[{"href":"https:\/\/nina-spiel.de\/praxis\/index.php?rest_route=\/wp\/v2\/pages\/498"}],"collection":[{"href":"https:\/\/nina-spiel.de\/praxis\/index.php?rest_route=\/wp\/v2\/pages"}],"about":[{"href":"https:\/\/nina-spiel.de\/praxis\/index.php?rest_route=\/wp\/v2\/types\/page"}],"author":[{"embeddable":true,"href":"https:\/\/nina-spiel.de\/praxis\/index.php?rest_route=\/wp\/v2\/users\/3"}],"replies":[{"embeddable":true,"href":"https:\/\/nina-spiel.de\/praxis\/index.php?rest_route=%2Fwp%2Fv2%2Fcomments&post=498"}],"version-history":[{"count":43,"href":"https:\/\/nina-spiel.de\/praxis\/index.php?rest_route=\/wp\/v2\/pages\/498\/revisions"}],"predecessor-version":[{"id":640,"href":"https:\/\/nina-spiel.de\/praxis\/index.php?rest_route=\/wp\/v2\/pages\/498\/revisions\/640"}],"wp:attachment":[{"href":"https:\/\/nina-spiel.de\/praxis\/index.php?rest_route=%2Fwp%2Fv2%2Fmedia&parent=498"}],"curies":[{"name":"wp","href":"https:\/\/api.w.org\/{rel}","templated":true}]}}