{"id":19,"date":"2018-05-13T12:50:58","date_gmt":"2018-05-13T12:50:58","guid":{"rendered":"https:\/\/nina-spiel.de\/praxis\/?page_id=19"},"modified":"2021-06-22T09:37:12","modified_gmt":"2021-06-22T09:37:12","slug":"therapie","status":"publish","type":"page","link":"https:\/\/nina-spiel.de\/praxis\/?page_id=19","title":{"rendered":"Therapie"},"content":{"rendered":"<div class=\"container right\">\n<h2><img loading=\"lazy\" class=\"wp-image-344  alignleft\" src=\"https:\/\/nina-spiel.de\/praxis\/wp-content\/uploads\/2019\/06\/water_30-200x300.jpg\" alt=\"\" width=\"233\" height=\"350\" srcset=\"https:\/\/nina-spiel.de\/praxis\/wp-content\/uploads\/2019\/06\/water_30-200x300.jpg 200w, https:\/\/nina-spiel.de\/praxis\/wp-content\/uploads\/2019\/06\/water_30-768x1151.jpg 768w, https:\/\/nina-spiel.de\/praxis\/wp-content\/uploads\/2019\/06\/water_30-684x1024.jpg 684w\" sizes=\"(max-width: 233px) 100vw, 233px\" \/>Zeit f\u00fcr den n\u00e4chsten Schritt.<\/h2>\n<div class=\"textItem\">\n<p>Es gibt keine Zuf\u00e4lle, von daher lesen Sie aus einem bestimmten Grund genau jetzt diese Zeilen.<\/p>\n<p>Vielleicht f\u00fchlen Sie sich angreifbar, sind unsicher oder f\u00fchlen sich ersch\u00f6pft?<\/p>\n<p>Vielleicht stecken Sie in einer pers\u00f6nlichen Krise, leiden unter diversen Konflikten oder Momenten der Hilflosigkeit?<\/p>\n<p>Vielleicht lassen Sie Ihre negativen Gedanken und Gef\u00fchle nicht mehr los, oder Ihnen ist Ihre Lebensfreude ein St\u00fcck weit verloren gegangen?<\/p>\n<\/div>\n<\/div>\n\n\n<p><strong>\u201eWer selbst keinen inneren Frieden kennt, wird ihn auch in der Begegnung mit anderen Menschen nicht finden.\u201c<\/strong> <strong>Dalai Lama<\/strong><\/p>\n\n\n\n<p>Sie wollen endlich Ihre\nVergangenheit verarbeiten, um kraftvoll in die Zukunft zu gehen?<\/p>\n\n\n\n<p>Sie k\u00f6nnen nicht verzeihen?<\/p>\n\n\n\n<p>Sie f\u00fchlen sich schwach und w\u00fcnschen sich innere St\u00e4rke, um den St\u00fcrmen des Lebens Stand zu halten?<\/p>\n\n\n\n<p>Sie stecken in alten Beziehungen fest und k\u00f6nnen diese nicht loslassen?<\/p>\n\n\n\n<p>Sie befinden sich in einem\nVer\u00e4nderungsprozess und es f\u00e4llt Ihnen schwer, Entscheidungen zu treffen?<\/p>\n\n\n\n<p>Sie sind auf der Suche nach<\/p>\n\n\n\n<ul><li>Antworten?<\/li><li>Erkl\u00e4rungen?<\/li><li>L\u00f6sungen?<\/li><\/ul>\n\n\n\n<p>Es geht um berufliche Ver\u00e4nderung?<\/p>\n\n\n\n<p>Oder um eine Klarheit \u00fcber\nIhre jetzige Lebenssituation?<\/p>\n\n\n\n<p>Oder suchen Sie nach Antworten bei Herzensfragen?<\/p>\n\n\n\n<p>Das Praxisangebot umfasst psychotherapeutische Begleitung bei:<\/p>\n\n\n\n<ul><li>\u00c4ngsten<\/li><li>Depressiver Verstimmung<\/li><li>Traumatischen Erfahrungen<\/li><li><a href=\"https:\/\/nina-spiel.de\/praxis\/?page_id=227\">Chronischen Schmerzen<\/a><\/li><li>Beziehungsproblemen<\/li><li>Schlafst\u00f6rungen<\/li><li>Weiterentwicklung der eigenen Pers\u00f6nlichkeit<\/li><li>Psychosomatischen Erkrankungen<\/li><\/ul>\n\n\n\n<p>F\u00fcr den Erfolg einer Therapie ist es bedeutsam, dass Sie ernsthaft dazu bereit ist, sich mit Ihren Themen  auseinanderzusetzen und aktiv mitzuarbeiten. Nur so kann dauerhafte Ver\u00e4nderung gelingen. <\/p>\n\n\n\n<p>Bitte \u00fcberpr\u00fcfen Sie sich daher selbst im Vorfeld der Kontaktaufnahme bez\u00fcglich einer psychotherapeutischen Behandlung:<\/p>\n\n\n\n<p>Sind Sie wirklich an Ver\u00e4nderung interessiert? M\u00f6chten Sie sich ernsthaft auf den Weg machen? Sind Sie bereit, sich mit Ihren Themen auseinanderzusetzen? <\/p>\n\n\n\n<p>Falls Sie diese Fragen mit Ja beantwortet haben, lassen Sie uns gerne Kennenlernen und gemeinsam Ihren weiteren Weg besprechen. Damit Sie die Gegenwart wieder genie\u00dfen und entspannt in die Zukunft gehen k\u00f6nnen.<\/p>\n\n\n\n<p><a href=\"https:\/\/nina-spiel.de\/praxis\/?page_id=16\">Noch unsicher ob Coaching oder Therapie f\u00fcr Sie passend ist?<\/a><\/p>\n","protected":false},"excerpt":{"rendered":"<p>Zeit f\u00fcr den n\u00e4chsten Schritt. Es gibt keine Zuf\u00e4lle, von daher lesen Sie aus einem bestimmten Grund genau jetzt diese Zeilen. Vielleicht f\u00fchlen Sie sich angreifbar, sind unsicher oder f\u00fchlen sich ersch\u00f6pft? Vielleicht stecken Sie in einer pers\u00f6nlichen Krise, leiden unter diversen Konflikten oder Momenten der Hilflosigkeit? Vielleicht lassen Sie Ihre negativen Gedanken und Gef\u00fchle &hellip; <\/p>\n<p class=\"link-more\"><a href=\"https:\/\/nina-spiel.de\/praxis\/?page_id=19\" class=\"more-link\"><span class=\"screen-reader-text\">\u201eTherapie\u201c<\/span> weiterlesen<\/a><\/p>\n","protected":false},"author":3,"featured_media":0,"parent":2,"menu_order":0,"comment_status":"closed","ping_status":"closed","template":"","meta":[],"_links":{"self":[{"href":"https:\/\/nina-spiel.de\/praxis\/index.php?rest_route=\/wp\/v2\/pages\/19"}],"collection":[{"href":"https:\/\/nina-spiel.de\/praxis\/index.php?rest_route=\/wp\/v2\/pages"}],"about":[{"href":"https:\/\/nina-spiel.de\/praxis\/index.php?rest_route=\/wp\/v2\/types\/page"}],"author":[{"embeddable":true,"href":"https:\/\/nina-spiel.de\/praxis\/index.php?rest_route=\/wp\/v2\/users\/3"}],"replies":[{"embeddable":true,"href":"https:\/\/nina-spiel.de\/praxis\/index.php?rest_route=%2Fwp%2Fv2%2Fcomments&post=19"}],"version-history":[{"count":10,"href":"https:\/\/nina-spiel.de\/praxis\/index.php?rest_route=\/wp\/v2\/pages\/19\/revisions"}],"predecessor-version":[{"id":569,"href":"https:\/\/nina-spiel.de\/praxis\/index.php?rest_route=\/wp\/v2\/pages\/19\/revisions\/569"}],"up":[{"embeddable":true,"href":"https:\/\/nina-spiel.de\/praxis\/index.php?rest_route=\/wp\/v2\/pages\/2"}],"wp:attachment":[{"href":"https:\/\/nina-spiel.de\/praxis\/index.php?rest_route=%2Fwp%2Fv2%2Fmedia&parent=19"}],"curies":[{"name":"wp","href":"https:\/\/api.w.org\/{rel}","templated":true}]}}